+ 25*q**2 - 26*q. What are the prime factors of o(20)?
1447
Let y = -3 + 7. Suppose g = 4*f - 139, 0 = y*f + 2*g - 35 - 107. List the prime factors of f.
5, 7
Let n be (-5)/10*(-38964)/6. Suppose 16*b - n = -b. List the prime factors of b.
191
Let y be ((-12)/2 - -4) + 747. Suppose -11*d + 1565 = -y. List the prime factors of d.
2, 3, 5, 7
Let g = 32 + 46. Suppose -y - 5*c = -0*y - g, -5*y + 270 = -5*c. What are the prime factors of y?
2, 29
Let i(o) = o - 1. Let d(u) = -u**2 - 10*u - 16. Let w(p) = d(p) + i(p). Let q be w(-5). Suppose -q*c + 57 + 189 = 0. What are the prime factors of c?
2, 41
Let i be (594/45)/11 + (-404)/20. Suppose 0 = 3*o - 0*o. What are the prime factors of 0 - (i - (3 + o))?
2, 11
Let r(o) = 8*o**2 - 93*o - 132. What are the prime factors of r(25)?
2543
Suppose q = -2*q + 6, 5*h - 3*q = 1409. Suppose 0 = -6*u + 3*u - 5*r - 453, 2*u - 3*r + h = 0. Let w = -74 - u. List the prime factors of w.
2, 3
Let g = 91 + -69. Let x = 25 - g. Suppose h - 62 = -t - 22, -124 = -x*h - 5*t. List the prime factors of h.
2, 19
Let c = 355 - 345. Let h(q) = 85*q - 114. What are the prime factors of h(c)?
2, 23
Suppose 0 = -4999*l + 4952*l + 1316376. What are the prime factors of l?
2, 3, 389
Suppose 68046 = t + 4*f, 17*t - 13*t = -2*f + 272170. List the prime factors of t.
2, 13, 2617
Let r(v) = 7*v**2 - 14*v - 1774. List the prime factors of r(40).
2, 11, 13, 31
Let b(x) = -x**2 - 9*x - 17. Let w be b(-5). Suppose -6*z + w*z - 207 = 0. Let r = 73 + z. List the prime factors of r.
2
Let z(h) = 13*h**3 - h**2 + 7*h - 12. Let b(u) = -8*u + 42. Let x be b(5). Let g be -7*-4*x/28. What are the prime factors of z(g)?
2, 3, 17
Let w(a) = 7*a**2 - 7*a + 42. Let o = -479 + 492. What are the prime factors of w(o)?
2, 3, 7
Suppose 0 = 2*i - 268 + 264. Suppose 0 = 3*g - 24 + 9. Suppose -l - l - 186 = -i*o, -l - g = 0. List the prime factors of o.
2, 11
Suppose 2*i + w - 16055 = -0*i, 2*i + 5*w - 16043 = 0. List the prime factors of i.
7, 31, 37
Let k(y) = 6*y**2 + 151*y - 126. What are the prime factors of k(-31)?
7, 137
What are the prime factors of ((-6)/(-10))/((-30)/(-18075))*18?
3, 241
Suppose 2*y = 4*f + 28472, 2*y + 5*f - 28444 = 2*f. What are the prime factors of y?
2, 3557
List the prime factors of 37995/5 + (-1 - 13).
5, 37, 41
Let m = -3924 - -8550. List the prime factors of m.
2, 3, 257
Let v(k) = 5*k**3 + 789*k**2 + 287*k + 824. What are the prime factors of v(-157)?
54361
Let u(w) = -8*w - 2*w - 23*w - 24. List the prime factors of u(-3).
3, 5
Let o(k) = -k**3 + 12*k**2 - 9*k - 16. Suppose 0 = 5*p - 41 - 14. Let a be o(p). Suppose 3*t = -4*q + 151, a*t = 5*t - 3. What are the prime factors of q?
2, 5
Suppose -149*q - 64200 = -155*q. Suppose 1978 = -14*s + q. List the prime factors of s.
7, 89
Let m(p) be the third derivative of p**4/24 - 5*p**3/6 + 9*p**2. Let s be m(5). Suppose s = 8*v - 229 - 283. List the prime factors of v.
2
List the prime factors of (-1560)/(-5)*(-3)/(24/(-286)).
2, 3, 11, 13
Let q = -74 - -80. Suppose 3*v = q*f - 7*f + 3977, v - 1330 = 4*f. List the prime factors of v.
2, 3, 13, 17
Let l(j) = -84*j - 1. Suppose 5*u - 4 = -4*b, 7*u - 2*u - 16 = -b. Suppose -5*p + 4 = -4*h - 2*p, 5*p + u = -4*h. What are the prime factors of l(h)?
83
Suppose 16*m - 4 = 14*m. List the prime factors of m/(-6) + (-1273)/(-3) + 3.
7, 61
What are the prime factors of (-3)/((-135)/(-10)) + (-2494688)/(-144)?
2, 61, 71
Let u = 1619 + -549. Suppose -4*k - i + 565 = -292, 0 = 5*k + i - u. What are the prime factors of k?
3, 71
Let g = 7566 + -4085. Suppose 26*v - 1875 = g. List the prime factors of v.
2, 103
Suppose 204649 + 808871 = 24*q. Suppose -22*a = 19*a - q. What are the prime factors of a?
2, 5, 103
List the prime factors of (3 + 22/6)/(((-112)/(-4746))/8).
2, 5, 113
Let v(m) = 17*m**3 + 2*m**2 + 6*m + 6. Let i be 21/6 - 2/4. Let u(y) = y**3 + y**2 + y + 1. Let k(x) = i*u(x) - v(x). List the prime factors of k(-2).
7, 17
Let j = 8 + 5. Suppose -438*l - 18 = -440*l. Suppose -j*c = -l*c - 256. List the prime factors of c.
2
Let o = 544 - -2316. What are the prime factors of o?
2, 5, 11, 13
Let y = -118 - -119. List the prime factors of 105/(-35) + 175 + (y - 2).
3, 19
Let u(q) = -q**3 + 3*q**2 + 4*q - 5. Suppose -3*w = 28 - 13. Let i be u(w). Suppose 3*l - i + 13 = 0. List the prime factors of l.
2, 3
What are the prime factors of (-24230720)/(-1472) - (-2)/(-23)?
3, 31, 59
Suppose -2*l - 53172 = -l - 7*l. What are the prime factors of l?
2, 3, 7, 211
Let g = 293 + -288. Suppose 2*s = -3*j + 81, -4*s - s = g*j - 205. What are the prime factors of s?
2, 3, 7
Suppose 19*v - 25 = 70. What are the prime factors of 27/v - (-70)/(-175)?
5
Suppose -a + 1533 = 2*d - 722, 3*d = -5*a + 3400. List the prime factors of d.
3, 5
Suppose 0 = 4*n + 4*v + 136, -2*n = -3*n - 3*v - 40. Let y = 210 - n. What are the prime factors of y?
241
Let g = 3840 - -1901. List the prime factors of g.
5741
Let u = 36462 + -23485. List the prime factors of u.
19, 683
Let c = -611 - -254. Let m = 675 + c. List the prime factors of m.
2, 3, 53
Let q = 4599 + -2151. Let l = -1616 + q. What are the prime factors of l?
2, 13
List the prime factors of (-954)/(-106) - (1 - 9753/1).
43, 227
Let o be (-12)/(-30)*7/((-14)/60). Let y(i) = -47*i - 27. Let u be y(o). Suppose u = 10*p - 353. What are the prime factors of p?
89
Let r(p) = -p**3 - 25*p**2 + 15*p - 25. Suppose 0 = -20*h - 12 - 508. What are the prime factors of r(h)?
3, 29
Suppose 28*y - 23*y - 1755 = 0. Let h = y - 72. What are the prime factors of h?
3, 31
Let d(o) = 231*o + 115. List the prime factors of d(21).
2, 13, 191
Let g(t) = -8*t**2 + 2*t**2 + 2 + 2 - 3 + 5*t**2 + 23*t. List the prime factors of g(22).
23
Let i(o) = -o**2 - 47*o - 126. Let m be i(-44). Suppose m*v - 8*v = 2, 2*z = -v + 831. List the prime factors of z.
2, 13
Suppose -5*z + 4*z = 3*d - 607, -5*d = -3*z + 1849. Let n = 988 - z. What are the prime factors of n?
3, 5
Suppose -3*y = 3*k - 9, 2*k = -2*y + 5*k + 21. Suppose -q + 220 = -4*v, -q - 5*v = -y*v - 226. Let z = q - 93. List the prime factors of z.
3, 5
Let v = -335 - -335. Suppose -3*b + 4*b + 6 = 3*q, 3*q - 2*b - 3 = 0. Suppose 2*i = -4*p + 46, i - q*i + 2 = v. What are the prime factors of p?
11
Let v = -52500 - -86798. List the prime factors of v.
2, 11, 1559
List the prime factors of (-1692)/252 + 4/(-14) + (-177035)/(-5).
2, 3, 5, 59
Suppose -529 = 9*z + 110. Let d = z + 148. List the prime factors of d.
7, 11
Let h be 168/78 + -2 + 27842/26. Let j = 1732 - h. What are the prime factors of j?
661
Let l = 9391 - 7923. List the prime factors of l.
2, 367
List the prime factors of (-417093)/(-205)*(2 + 114/18).
5, 3391
Suppose -1466 = 12*t + 94. Let c = t - -222. What are the prime factors of c?
2, 23
Suppose 2*i - 3*g = 5177, -4*i + g + 5919 = -4410. What are the prime factors of i?
29, 89
Let v(r) be the first derivative of 18*r**3 - 23*r**2/2 - 82*r - 82. List the prime factors of v(-3).
11, 43
Let d(u) = -1221*u + 3393. List the prime factors of d(-55).
2, 3, 5879
Let t(a) = -35*a + 7. Suppose 7*f - 172 = -382. List the prime factors of t(f).
7, 151
Suppose 6*r - 10167 = 117. Let m = r + -856. What are the prime factors of m?
2, 3, 11, 13
Let i be ((-1)/(-15)*3 + -127)*-5. Let d = i + -215. What are the prime factors of d?
419
Let g(y) be the third derivative of -y**6/120 + y**5/4 + 7*y**4/12 + 6*y**3 + 3*y**2. Let l be 8*(4/10)/(12/60). List the prime factors of g(l).
2
Let v(b) = 79*b**2 + 44*b + 207. What are the prime factors of v(-4)?
5, 7, 37
Let l = -3357 - -14559. List the prime factors of l.
2, 3, 1867
Let z be (-19 - -4)*1*(-3)/5. Suppose -13053 = -z*b - 2955. Suppose -5*t + 300 = -2*o - 824, 5*t = o + b. List the prime factors of t.
2, 7
Let x be (-105)/42*(-12)/10. Suppose 3*p - 3*m = m + 1012, -980 = -x*p - 4*m. List the prime factors of p.
2, 83
Let a(c) be the first derivative of -105*c**2/2 + 22*c + 60. List the prime factors of a(-3).
337
Let p(l) be the second derivative of -37*l**5/20 - l**4/6 - l**3/6 + l - 153. Suppose -2*o + 8 = 0, 3*h - 2*o = -0*h - 11. What are the prime factors of p(h)?
2, 3
Let u(h) = -h**2 + 4*h + 12. Let l be u(6). Suppose -d + 4*r - 11 = -l, 5*d - 55 = -2*r. Let a = 5 + d. List the prime factors of a.
2, 7
Let c(k) = k**2 + 9*k - 